{"id":19546,"date":"2026-01-16T15:46:00","date_gmt":"2026-01-16T20:46:00","guid":{"rendered":"https:\/\/www.isteps.edu.ec\/?page_id=19546"},"modified":"2026-01-16T16:43:48","modified_gmt":"2026-01-16T21:43:48","slug":"innovacion-tecnologica-empresarial","status":"publish","type":"page","link":"https:\/\/www.isteps.edu.ec\/?page_id=19546","title":{"rendered":"Tecnolog\u00eda Superior en Innovaci\u00f3n Tecnol\u00f3gica Empresarial"},"content":{"rendered":"\t\t<div data-elementor-type=\"wp-page\" data-elementor-id=\"19546\" class=\"elementor elementor-19546\">\n\t\t\t\t\t\t<section class=\"elementor-section elementor-top-section elementor-element elementor-element-8285263 elementor-section-boxed elementor-section-height-default elementor-section-height-default\" data-id=\"8285263\" data-element_type=\"section\" data-e-type=\"section\">\n\t\t\t\t\t\t<div class=\"elementor-container elementor-column-gap-default\">\n\t\t\t\t\t<div class=\"elementor-column elementor-col-100 elementor-top-column elementor-element elementor-element-cc71f06\" data-id=\"cc71f06\" data-element_type=\"column\" data-e-type=\"column\">\n\t\t\t<div class=\"elementor-widget-wrap elementor-element-populated\">\n\t\t\t\t\t\t<div class=\"elementor-element elementor-element-3198197 elementor-widget thim-ekits-heading elementor-widget-thim-heading\" data-id=\"3198197\" data-element_type=\"widget\" data-e-type=\"widget\" data-widget_type=\"thim-heading.default\">\n\t\t\t\t<div class=\"elementor-widget-container\">\n\t\t\t\t\t<div class=\"sc_heading\"><h2 class=\"title\">Tecnolog\u00eda Superior en  <span class=\"thim-color\">Innovaci\u00f3n Tecnol\u00f3gica Empresarial<\/span><\/h2><span class=\"line\"><\/span><\/div>\t\t\t\t<\/div>\n\t\t\t\t<\/div>\n\t\t\t\t\t<\/div>\n\t\t<\/div>\n\t\t\t\t\t<\/div>\n\t\t<\/section>\n\t\t\t\t<section class=\"elementor-section elementor-top-section elementor-element elementor-element-52b1e1d elementor-section-boxed elementor-section-height-default elementor-section-height-default\" data-id=\"52b1e1d\" data-element_type=\"section\" data-e-type=\"section\">\n\t\t\t\t\t\t<div class=\"elementor-container elementor-column-gap-default\">\n\t\t\t\t\t<div class=\"elementor-column elementor-col-33 elementor-top-column elementor-element elementor-element-c2b6574\" data-id=\"c2b6574\" data-element_type=\"column\" data-e-type=\"column\">\n\t\t\t<div class=\"elementor-widget-wrap elementor-element-populated\">\n\t\t\t\t\t\t<div class=\"elementor-element elementor-element-d6e7fdc elementor-widget elementor-widget-image\" data-id=\"d6e7fdc\" data-element_type=\"widget\" data-e-type=\"widget\" data-widget_type=\"image.default\">\n\t\t\t\t<div class=\"elementor-widget-container\">\n\t\t\t\t\t\t\t\t\t\t\t\t\t\t\t<img fetchpriority=\"high\" decoding=\"async\" width=\"1553\" height=\"1789\" src=\"https:\/\/www.isteps.edu.ec\/wp-content\/uploads\/2023\/08\/20220825_225942379_iOS-copia-1.gif\" class=\"attachment-full size-full wp-image-20227\" alt=\"\" \/>\t\t\t\t\t\t\t\t\t\t\t\t\t\t\t<\/div>\n\t\t\t\t<\/div>\n\t\t\t\t<div class=\"elementor-element elementor-element-66f8305 elementor-align-center elementor-widget elementor-widget-button\" data-id=\"66f8305\" data-element_type=\"widget\" data-e-type=\"widget\" data-widget_type=\"button.default\">\n\t\t\t\t<div class=\"elementor-widget-container\">\n\t\t\t\t\t\t\t\t\t<div class=\"elementor-button-wrapper\">\n\t\t\t\t\t<a class=\"elementor-button elementor-button-link elementor-size-sm\" href=\"https:\/\/www.isteps.edu.ec\/?page_id=19569\">\n\t\t\t\t\t\t<span class=\"elementor-button-content-wrapper\">\n\t\t\t\t\t\t<span class=\"elementor-button-icon\">\n\t\t\t\t<i aria-hidden=\"true\" class=\"far fa-address-card\"><\/i>\t\t\t<\/span>\n\t\t\t\t\t\t\t\t\t<span class=\"elementor-button-text\">Requisitos<\/span>\n\t\t\t\t\t<\/span>\n\t\t\t\t\t<\/a>\n\t\t\t\t<\/div>\n\t\t\t\t\t\t\t\t<\/div>\n\t\t\t\t<\/div>\n\t\t\t\t<div class=\"elementor-element elementor-element-d0fdb75 elementor-align-center elementor-widget__width-initial elementor-widget elementor-widget-button\" data-id=\"d0fdb75\" data-element_type=\"widget\" data-e-type=\"widget\" data-widget_type=\"button.default\">\n\t\t\t\t<div class=\"elementor-widget-container\">\n\t\t\t\t\t\t\t\t\t<div class=\"elementor-button-wrapper\">\n\t\t\t\t\t<a class=\"elementor-button elementor-button-link elementor-size-sm\" href=\"https:\/\/wa.me\/593959896729?text=Hola%2C%20quiero%20informaci\u00f3n%20sobre%20las%20carreras%20de%20ISTEPS\" target=\"_blank\">\n\t\t\t\t\t\t<span class=\"elementor-button-content-wrapper\">\n\t\t\t\t\t\t\t\t\t<span class=\"elementor-button-text\">\u00a1Registrate ahora!<\/span>\n\t\t\t\t\t<\/span>\n\t\t\t\t\t<\/a>\n\t\t\t\t<\/div>\n\t\t\t\t\t\t\t\t<\/div>\n\t\t\t\t<\/div>\n\t\t\t\t\t<\/div>\n\t\t<\/div>\n\t\t\t\t<div class=\"elementor-column elementor-col-66 elementor-top-column elementor-element elementor-element-4d4c564\" data-id=\"4d4c564\" data-element_type=\"column\" data-e-type=\"column\">\n\t\t\t<div class=\"elementor-widget-wrap elementor-element-populated\">\n\t\t\t\t\t\t<div class=\"elementor-element elementor-element-8bf6ab7 elementor-tabs-view-horizontal elementor-widget elementor-widget-tabs\" data-id=\"8bf6ab7\" data-element_type=\"widget\" data-e-type=\"widget\" data-widget_type=\"tabs.default\">\n\t\t\t\t<div class=\"elementor-widget-container\">\n\t\t\t\t\t\t\t<div class=\"elementor-tabs\">\n\t\t\t<div class=\"elementor-tabs-wrapper\" role=\"tablist\" >\n\t\t\t\t\t\t\t\t\t<div id=\"elementor-tab-title-1461\" class=\"elementor-tab-title elementor-tab-desktop-title\" aria-selected=\"true\" data-tab=\"1\" role=\"tab\" tabindex=\"0\" aria-controls=\"elementor-tab-content-1461\" aria-expanded=\"false\">Presentaci\u00f3n<\/div>\n\t\t\t\t\t\t\t\t\t<div id=\"elementor-tab-title-1462\" class=\"elementor-tab-title elementor-tab-desktop-title\" aria-selected=\"false\" data-tab=\"2\" role=\"tab\" tabindex=\"-1\" aria-controls=\"elementor-tab-content-1462\" aria-expanded=\"false\">Modalidad y duraci\u00f3n<\/div>\n\t\t\t\t\t\t\t\t\t<div id=\"elementor-tab-title-1463\" class=\"elementor-tab-title elementor-tab-desktop-title\" aria-selected=\"false\" data-tab=\"3\" role=\"tab\" tabindex=\"-1\" aria-controls=\"elementor-tab-content-1463\" aria-expanded=\"false\">Perfil Profesional<\/div>\n\t\t\t\t\t\t\t\t\t<div id=\"elementor-tab-title-1464\" class=\"elementor-tab-title elementor-tab-desktop-title\" aria-selected=\"false\" data-tab=\"4\" role=\"tab\" tabindex=\"-1\" aria-controls=\"elementor-tab-content-1464\" aria-expanded=\"false\">Malla curricular<\/div>\n\t\t\t\t\t\t\t<\/div>\n\t\t\t<div class=\"elementor-tabs-content-wrapper\" role=\"tablist\" aria-orientation=\"vertical\">\n\t\t\t\t\t\t\t\t\t<div class=\"elementor-tab-title elementor-tab-mobile-title\" aria-selected=\"true\" data-tab=\"1\" role=\"tab\" tabindex=\"0\" aria-controls=\"elementor-tab-content-1461\" aria-expanded=\"false\">Presentaci\u00f3n<\/div>\n\t\t\t\t\t<div id=\"elementor-tab-content-1461\" class=\"elementor-tab-content elementor-clearfix\" data-tab=\"1\" role=\"tabpanel\" aria-labelledby=\"elementor-tab-title-1461\" tabindex=\"0\" hidden=\"false\"><p>Bienvenido\/a al camino de la transformaci\u00f3n tecnol\u00f3gica y la innovaci\u00f3n empresarial.<\/p><p>La carrera de Innovaci\u00f3n Tecnol\u00f3gica Empresarial se presenta como una propuesta formativa h\u00edbrida e interdisciplinaria, dise\u00f1ada para responder a los desaf\u00edos actuales de productividad, transformaci\u00f3n digital y sostenibilidad en organizaciones p\u00fablicas, privadas y comunitarias. Su estructura curricular est\u00e1 organizada en cuatro niveles acad\u00e9micos que combinan asignaturas como Gesti\u00f3n por procesos y sistemas de producci\u00f3n, Inteligencia de negocios y simulaci\u00f3n estrat\u00e9gica y Metodolog\u00edas de innovaci\u00f3n, las cuales permiten al estudiante integrar conocimientos t\u00e9cnicos, estrat\u00e9gicos y \u00e9ticos. La formaci\u00f3n se complementa con espacios de pr\u00e1cticas preprofesionales, vinculaci\u00f3n con la comunidad y actividades de innovaci\u00f3n aplicada, fomentando el desarrollo de habilidades colaborativas, pensamiento cr\u00edtico y capacidad para gestionar proyectos con enfoque territorial y tecnol\u00f3gico. Esta propuesta acad\u00e9mica forma parte de la oferta del ISTEPS, alineada con los principios de la econom\u00eda social, la inclusi\u00f3n y la pertinencia local.<\/p><\/div>\n\t\t\t\t\t\t\t\t\t<div class=\"elementor-tab-title elementor-tab-mobile-title\" aria-selected=\"false\" data-tab=\"2\" role=\"tab\" tabindex=\"-1\" aria-controls=\"elementor-tab-content-1462\" aria-expanded=\"false\">Modalidad y duraci\u00f3n<\/div>\n\t\t\t\t\t<div id=\"elementor-tab-content-1462\" class=\"elementor-tab-content elementor-clearfix\" data-tab=\"2\" role=\"tabpanel\" aria-labelledby=\"elementor-tab-title-1462\" tabindex=\"0\" hidden=\"hidden\"><div dir=\"ltr\" style=\"margin-left: 0pt;\" align=\"left\"><table style=\"width: 100%; border-collapse: collapse; font-family: sans-serif;\"><thead><\/thead><tbody><tr style=\"border-bottom: 1px solid #ddd;\"><th style=\"text-align: left; padding: 12px; background-color: #f2f2f2; width: 30%;\">T\u00edtulo:<\/th><td style=\"padding: 12px;\">Tecn\u00f3logo\/a Superior en Innovaci\u00f3n Tecnol\u00f3gica Empresarial<\/td><\/tr><tr style=\"border-bottom: 1px solid #ddd;\"><th style=\"text-align: left; padding: 12px; background-color: #f2f2f2;\">Resoluci\u00f3n:<\/th><td style=\"padding: 12px;\">RPC-SO-45-No.688-2025<\/td><\/tr><tr style=\"border-bottom: 1px solid #ddd;\"><th style=\"text-align: left; padding: 12px; background-color: #f2f2f2;\">Duraci\u00f3n:<\/th><td style=\"padding: 12px;\">2 a\u00f1os<\/td><\/tr><tr style=\"border-bottom: 1px solid #ddd;\"><th style=\"text-align: left; padding: 12px; background-color: #f2f2f2;\">Modalidad:<\/th><td style=\"padding: 12px;\">H\u00edbrida<\/td><\/tr><tr style=\"border-bottom: 1px solid #ddd;\"><th style=\"text-align: left; padding: 12px; background-color: #f2f2f2;\">Clases:<\/th><td style=\"padding: 12px;\">Virtuales (lunes a viernes)<\/td><\/tr><tr style=\"border-bottom: 1px solid #ddd;\"><th style=\"text-align: left; padding: 12px; background-color: #f2f2f2;\">Horario:<\/th><td style=\"padding: 12px;\">18h00 a 22h00<\/td><\/tr><tr><th style=\"text-align: left; padding: 12px; background-color: #f2f2f2;\">Presencialidad:<\/th><td style=\"padding: 12px;\">Seg\u00fan calendario acad\u00e9mico<\/td><\/tr><\/tbody><\/table><\/div><\/div>\n\t\t\t\t\t\t\t\t\t<div class=\"elementor-tab-title elementor-tab-mobile-title\" aria-selected=\"false\" data-tab=\"3\" role=\"tab\" tabindex=\"-1\" aria-controls=\"elementor-tab-content-1463\" aria-expanded=\"false\">Perfil Profesional<\/div>\n\t\t\t\t\t<div id=\"elementor-tab-content-1463\" class=\"elementor-tab-content elementor-clearfix\" data-tab=\"3\" role=\"tabpanel\" aria-labelledby=\"elementor-tab-title-1463\" tabindex=\"0\" hidden=\"hidden\"><p>El\/la tecn\u00f3logo\/a en Innovaci\u00f3n Tecnol\u00f3gica Empresarial ser\u00e1 un profesional capaz de apoyar e implementar soluciones innovadoras en procesos organizativos, aplicando metodolog\u00edas \u00e1giles, herramientas digitales y estrategias colaborativas. Podr\u00e1 analizar indicadores de productividad, sostenibilidad y calidad, contribuir a la toma de decisiones y participar en proyectos que promuevan el desarrollo territorial y la econom\u00eda solidaria. Actuar\u00e1 con pensamiento cr\u00edtico, responsabilidad \u00e9tica y respeto por la interculturalidad, aportando a la transformaci\u00f3n de organizaciones desde una visi\u00f3n t\u00e9cnica, inclusiva y sostenible<\/p><\/div>\n\t\t\t\t\t\t\t\t\t<div class=\"elementor-tab-title elementor-tab-mobile-title\" aria-selected=\"false\" data-tab=\"4\" role=\"tab\" tabindex=\"-1\" aria-controls=\"elementor-tab-content-1464\" aria-expanded=\"false\">Malla curricular<\/div>\n\t\t\t\t\t<div id=\"elementor-tab-content-1464\" class=\"elementor-tab-content elementor-clearfix\" data-tab=\"4\" role=\"tabpanel\" aria-labelledby=\"elementor-tab-title-1464\" tabindex=\"0\" hidden=\"hidden\"><p><img decoding=\"async\" class=\"alignnone size-full wp-image-22528\" src=\"https:\/\/www.isteps.edu.ec\/wp-content\/uploads\/2026\/01\/malla-innovacion-tecnologica-optimized.jpg\" alt=\"\" width=\"1682\" height=\"2106\" \/><\/p><\/div>\n\t\t\t\t\t\t\t<\/div>\n\t\t<\/div>\n\t\t\t\t\t\t<\/div>\n\t\t\t\t<\/div>\n\t\t\t\t\t<\/div>\n\t\t<\/div>\n\t\t\t\t\t<\/div>\n\t\t<\/section>\n\t\t\t\t<section class=\"elementor-section elementor-top-section elementor-element elementor-element-ddded84 elementor-section-boxed elementor-section-height-default elementor-section-height-default\" data-id=\"ddded84\" data-element_type=\"section\" data-e-type=\"section\">\n\t\t\t\t\t\t<div class=\"elementor-container elementor-column-gap-default\">\n\t\t\t\t\t<div class=\"elementor-column elementor-col-100 elementor-top-column elementor-element elementor-element-e3fecd3\" data-id=\"e3fecd3\" data-element_type=\"column\" data-e-type=\"column\">\n\t\t\t<div class=\"elementor-widget-wrap elementor-element-populated\">\n\t\t\t\t\t\t<div class=\"elementor-element elementor-element-77c3157 elementor-widget elementor-widget-testimonial\" data-id=\"77c3157\" data-element_type=\"widget\" data-e-type=\"widget\" data-widget_type=\"testimonial.default\">\n\t\t\t\t<div class=\"elementor-widget-container\">\n\t\t\t\t\t\t\t<div class=\"elementor-testimonial-wrapper\">\n\t\t\t\t\t\t\t<div class=\"elementor-testimonial-content\"><i>\"Nuestra traves\u00eda tiene un prop\u00f3sito claro: forjar a los l\u00edderes del ma\u00f1ana que catalizar\u00e1n y \nelevar\u00e1n a las variadas organizaciones que conforman el tejido econ\u00f3mico, popular, social y solidario\"<\/i><\/div>\n\t\t\t\n\t\t\t\t\t\t<div class=\"elementor-testimonial-meta elementor-has-image elementor-testimonial-image-position-top\">\n\t\t\t\t<div class=\"elementor-testimonial-meta-inner\">\n\t\t\t\t\t\t\t\t\t\t\t<div class=\"elementor-testimonial-image\">\n\t\t\t\t\t\t\t<img decoding=\"async\" width=\"1234\" height=\"1704\" src=\"https:\/\/www.isteps.edu.ec\/wp-content\/uploads\/2025\/06\/Juan-Pablo-Sanchez.png\" class=\"attachment-full size-full wp-image-24508\" alt=\"\" srcset=\"https:\/\/www.isteps.edu.ec\/wp-content\/uploads\/2025\/06\/Juan-Pablo-Sanchez.png 1234w, https:\/\/www.isteps.edu.ec\/wp-content\/uploads\/2025\/06\/Juan-Pablo-Sanchez-217x300.png 217w, https:\/\/www.isteps.edu.ec\/wp-content\/uploads\/2025\/06\/Juan-Pablo-Sanchez-742x1024.png 742w, https:\/\/www.isteps.edu.ec\/wp-content\/uploads\/2025\/06\/Juan-Pablo-Sanchez-768x1061.png 768w, https:\/\/www.isteps.edu.ec\/wp-content\/uploads\/2025\/06\/Juan-Pablo-Sanchez-1112x1536.png 1112w\" sizes=\"(max-width: 1234px) 100vw, 1234px\" \/>\t\t\t\t\t\t<\/div>\n\t\t\t\t\t\n\t\t\t\t\t\t\t\t\t\t<div class=\"elementor-testimonial-details\">\n\t\t\t\t\t\t\t\t\t\t\t\t\t\t<div class=\"elementor-testimonial-name\">Juan Pablo S\u00e1nchez<\/div>\n\t\t\t\t\t\t\t\t\t\t\t\t\t\t\t\t\t\t\t\t\t\t<div class=\"elementor-testimonial-job\"><span style=\"font-family: Ubuntu, sans-serif;font-weight: 400\">Coordinador<\/span><\/div>\n\t\t\t\t\t\t\t\t\t\t\t\t\t<\/div>\n\t\t\t\t\t\t\t\t\t<\/div>\n\t\t\t<\/div>\n\t\t\t\t\t<\/div>\n\t\t\t\t\t\t<\/div>\n\t\t\t\t<\/div>\n\t\t\t\t<div class=\"elementor-element elementor-element-703c832 elementor-widget-divider--view-line_icon elementor-view-default elementor-widget-divider--element-align-center elementor-widget elementor-widget-divider\" data-id=\"703c832\" data-element_type=\"widget\" data-e-type=\"widget\" data-widget_type=\"divider.default\">\n\t\t\t\t<div class=\"elementor-widget-container\">\n\t\t\t\t\t\t\t<div class=\"elementor-divider\">\n\t\t\t<span class=\"elementor-divider-separator\">\n\t\t\t\t\t\t\t<div class=\"elementor-icon elementor-divider__element\">\n\t\t\t\t\t<i aria-hidden=\"true\" class=\"fas fa-calendar-alt\"><\/i><\/div>\n\t\t\t\t\t\t<\/span>\n\t\t<\/div>\n\t\t\t\t\t\t<\/div>\n\t\t\t\t<\/div>\n\t\t\t\t<div class=\"elementor-element elementor-element-f9cdea9 elementor-widget elementor-widget-image\" data-id=\"f9cdea9\" data-element_type=\"widget\" data-e-type=\"widget\" id=\"horario\" data-widget_type=\"image.default\">\n\t\t\t\t<div class=\"elementor-widget-container\">\n\t\t\t\t\t\t\t\t\t\t\t\t\t\t\t<img loading=\"lazy\" decoding=\"async\" width=\"1762\" height=\"2560\" src=\"https:\/\/www.isteps.edu.ec\/wp-content\/uploads\/2025\/10\/Calendario-Academico-PAO-10_page-0001_optimized-scaled.jpg\" class=\"attachment-full size-full wp-image-24619\" alt=\"\" srcset=\"https:\/\/www.isteps.edu.ec\/wp-content\/uploads\/2025\/10\/Calendario-Academico-PAO-10_page-0001_optimized-scaled.jpg 1762w, https:\/\/www.isteps.edu.ec\/wp-content\/uploads\/2025\/10\/Calendario-Academico-PAO-10_page-0001_optimized-206x300.jpg 206w, https:\/\/www.isteps.edu.ec\/wp-content\/uploads\/2025\/10\/Calendario-Academico-PAO-10_page-0001_optimized-705x1024.jpg 705w, https:\/\/www.isteps.edu.ec\/wp-content\/uploads\/2025\/10\/Calendario-Academico-PAO-10_page-0001_optimized-768x1116.jpg 768w, https:\/\/www.isteps.edu.ec\/wp-content\/uploads\/2025\/10\/Calendario-Academico-PAO-10_page-0001_optimized-1057x1536.jpg 1057w, https:\/\/www.isteps.edu.ec\/wp-content\/uploads\/2025\/10\/Calendario-Academico-PAO-10_page-0001_optimized-1409x2048.jpg 1409w\" sizes=\"(max-width: 1762px) 100vw, 1762px\" \/>\t\t\t\t\t\t\t\t\t\t\t\t\t\t\t<\/div>\n\t\t\t\t<\/div>\n\t\t\t\t\t<\/div>\n\t\t<\/div>\n\t\t\t\t\t<\/div>\n\t\t<\/section>\n\t\t\t\t<section class=\"elementor-section elementor-top-section elementor-element elementor-element-b891e89 elementor-section-boxed elementor-section-height-default elementor-section-height-default\" data-id=\"b891e89\" data-element_type=\"section\" data-e-type=\"section\">\n\t\t\t\t\t\t<div class=\"elementor-container elementor-column-gap-default\">\n\t\t\t\t\t<div class=\"elementor-column elementor-col-100 elementor-top-column elementor-element elementor-element-4fe4f38\" data-id=\"4fe4f38\" data-element_type=\"column\" data-e-type=\"column\">\n\t\t\t<div class=\"elementor-widget-wrap\">\n\t\t\t\t\t\t\t<\/div>\n\t\t<\/div>\n\t\t\t\t\t<\/div>\n\t\t<\/section>\n\t\t\t\t<\/div>\n\t\t","protected":false},"excerpt":{"rendered":"<p>Tecnolog\u00eda Superior en Innovaci\u00f3n Tecnol\u00f3gica Empresarial Requisitos \u00a1Registrate ahora! Presentaci\u00f3n Modalidad y duraci\u00f3n Perfil Profesional Malla curricular Presentaci\u00f3n Bienvenido\/a al camino de la transformaci\u00f3n tecnol\u00f3gica y la innovaci\u00f3n empresarial. La carrera de Innovaci\u00f3n Tecnol\u00f3gica Empresarial se presenta como una propuesta &hellip; <\/p>\n","protected":false},"author":1,"featured_media":0,"parent":0,"menu_order":0,"comment_status":"closed","ping_status":"closed","template":"elementor_theme","meta":{"footnotes":""},"class_list":["post-19546","page","type-page","status-publish","hentry"],"_links":{"self":[{"href":"https:\/\/www.isteps.edu.ec\/index.php?rest_route=\/wp\/v2\/pages\/19546","targetHints":{"allow":["GET"]}}],"collection":[{"href":"https:\/\/www.isteps.edu.ec\/index.php?rest_route=\/wp\/v2\/pages"}],"about":[{"href":"https:\/\/www.isteps.edu.ec\/index.php?rest_route=\/wp\/v2\/types\/page"}],"author":[{"embeddable":true,"href":"https:\/\/www.isteps.edu.ec\/index.php?rest_route=\/wp\/v2\/users\/1"}],"replies":[{"embeddable":true,"href":"https:\/\/www.isteps.edu.ec\/index.php?rest_route=%2Fwp%2Fv2%2Fcomments&post=19546"}],"version-history":[{"count":217,"href":"https:\/\/www.isteps.edu.ec\/index.php?rest_route=\/wp\/v2\/pages\/19546\/revisions"}],"predecessor-version":[{"id":24728,"href":"https:\/\/www.isteps.edu.ec\/index.php?rest_route=\/wp\/v2\/pages\/19546\/revisions\/24728"}],"wp:attachment":[{"href":"https:\/\/www.isteps.edu.ec\/index.php?rest_route=%2Fwp%2Fv2%2Fmedia&parent=19546"}],"curies":[{"name":"wp","href":"https:\/\/api.w.org\/{rel}","templated":true}]}}